{"id":144,"date":"2024-04-08T07:05:36","date_gmt":"2024-04-08T07:05:36","guid":{"rendered":"https:\/\/xn--profesjonalne-sprztanie-zvc.pl\/?page_id=144"},"modified":"2024-04-30T07:01:54","modified_gmt":"2024-04-30T07:01:54","slug":"bauendreinigung","status":"publish","type":"page","link":"https:\/\/xn--profesjonalne-sprztanie-zvc.pl\/index.php\/bauendreinigung\/","title":{"rendered":"Po budowie"},"content":{"rendered":"<div class=\"n2_clear\"><ss3-force-full-width data-overflow-x=\"body\" data-horizontal-selector=\"body\"><div class=\"n2-section-smartslider fitvidsignore  n2_clear\" data-ssid=\"6\"><div id=\"n2-ss-6-align\" class=\"n2-ss-align\"><div class=\"n2-padding\"><div id=\"n2-ss-6\" data-creator=\"Smart Slider 3\" data-responsive=\"fullwidth\" class=\"n2-ss-slider n2-ow n2-has-hover n2notransition  \">\n        <div class=\"n2-ss-slider-1 n2_ss__touch_element n2-ow\">\n            <div class=\"n2-ss-slider-2 n2-ow\">\n                                                <div class=\"n2-ss-slider-3 n2-ow\">\n\n                    <div class=\"n2-ss-slide-backgrounds n2-ow-all\"><div class=\"n2-ss-slide-background\" data-public-id=\"1\" data-mode=\"fill\"><div data-color=\"RGBA(255,255,255,0)\" style=\"background-color: RGBA(255,255,255,0);\" class=\"n2-ss-slide-background-color\"><\/div><\/div><\/div>                    <div class=\"n2-ss-slider-4 n2-ow\">\n                        <svg xmlns=\"http:\/\/www.w3.org\/2000\/svg\" viewBox=\"0 0 1920 800\" data-related-device=\"desktopPortrait\" class=\"n2-ow n2-ss-preserve-size n2-ss-preserve-size--slider n2-ss-slide-limiter\"><\/svg><div data-first=\"1\" data-slide-duration=\"0\" data-id=\"11\" data-slide-public-id=\"1\" data-title=\"Baureinigung\" class=\"n2-ss-slide n2-ow  n2-ss-slide-11\"><div role=\"note\" class=\"n2-ss-slide--focus\" tabindex=\"-1\">Baureinigung<\/div><div class=\"n2-ss-layers-container n2-ss-slide-limiter n2-ow\"><div class=\"n2-ss-layer n2-ow n-uc-33A5D2KsVic8\" data-sstype=\"slide\" data-pm=\"default\"><div class=\"n2-ss-layer n2-ow n-uc-2V8hkmiU2ITY\" data-pm=\"default\" data-hidemobileportrait=\"1\" data-sstype=\"content\" data-hasbackground=\"1\"><div class=\"n2-ss-section-main-content n2-ss-layer-with-background n2-ss-layer-content n2-ow n-uc-2V8hkmiU2ITY-inner\"><div class=\"n2-ss-layer n2-ow n-uc-qMJuiyrfT8B5\" data-pm=\"absolute\" data-responsiveposition=\"1\" data-desktopportraitleft=\"-464\" data-tabletportraitleft=\"-528\" data-desktopportraittop=\"-107\" data-tabletportraittop=\"-129\" data-responsivesize=\"1\" data-desktopportraitwidth=\"auto\" data-tabletportraitwidth=\"896\" data-desktopportraitheight=\"auto\" data-tabletportraitheight=\"126\" data-desktopportraitalign=\"center\" data-tabletportraitalign=\"center\" data-desktopportraitvalign=\"middle\" data-tabletportraitvalign=\"middle\" data-parentid=\"\" data-desktopportraitparentalign=\"center\" data-desktopportraitparentvalign=\"middle\" data-hidemobileportrait=\"1\" data-sstype=\"layer\"><div class=\"n2-ss-item-content n2-ss-text n2-ow-all\"><div class=\"\"><p class=\"n2-font-53f92c915d640f62c9741eace956db18-paragraph   \"><b>Po budowie<\/b><\/p>\n<\/div><\/div><\/div><div class=\"n2-ss-layer n2-ow n-uc-iXEuYMQTNLTj\" data-pm=\"absolute\" data-responsiveposition=\"1\" data-desktopportraitleft=\"-347\" data-tabletportraitleft=\"-505\" data-desktopportraittop=\"16\" data-tabletportraittop=\"85\" data-responsivesize=\"1\" data-desktopportraitwidth=\"550\" data-tabletportraitwidth=\"666\" data-desktopportraitheight=\"auto\" data-tabletportraitheight=\"301\" data-desktopportraitalign=\"center\" data-tabletportraitalign=\"center\" data-desktopportraitvalign=\"middle\" data-tabletportraitvalign=\"middle\" data-parentid=\"\" data-desktopportraitparentalign=\"center\" data-desktopportraitparentvalign=\"middle\" data-hidemobileportrait=\"1\" data-sstype=\"layer\"><div class=\"n2-ss-item-content n2-ss-text n2-ow-all\"><div class=\"\"><p class=\"n2-font-f2a499d27d49e2e949e22606890131a0-paragraph   \">Oboj\u0119tnie czy nowe inwestycje budowlane czy prace renowacyjne b\u0105d\u017a przebudowy. Dbamy o ko\u0144cowe czyszczenie i zostawiamy pozamiatany plac budowy. Na \u017cyczenie oferujemy tak\u017ce utylizacj\u0119 gruzu i odpad\u00f3w<\/p>\n<\/div><\/div><\/div><\/div><\/div><\/div><\/div><\/div>                    <\/div>\n\n                                    <\/div>\n            <\/div>\n        <\/div>\n        <\/div><ss3-loader><\/ss3-loader><\/div><\/div><div class=\"n2_clear\"><\/div><\/div><\/ss3-force-full-width><\/div>\n\n\n<p><\/p>\n\n\n\t\t\t<!-- Flexy Breadcrumb -->\r\n\t\t\t<div class=\"fbc fbc-page\">\r\n\r\n\t\t\t\t<!-- Breadcrumb wrapper -->\r\n\t\t\t\t<div class=\"fbc-wrap\">\r\n\r\n\t\t\t\t\t<!-- Ordered list-->\r\n\t\t\t\t\t<ol class=\"fbc-items\" itemscope itemtype=\"https:\/\/schema.org\/BreadcrumbList\">\r\n\t\t\t\t\t\t            <li itemprop=\"itemListElement\" itemscope itemtype=\"https:\/\/schema.org\/ListItem\">\r\n                <span itemprop=\"name\">\r\n                    <!-- Home Link -->\r\n                    <a itemprop=\"item\" href=\"https:\/\/xn--profesjonalne-sprztanie-zvc.pl\">\r\n                    \r\n                                                    <i class=\"fa fa-home\" aria-hidden=\"true\"><\/i>Strona g\u0142\u00f3wna                    <\/a>\r\n                <\/span>\r\n                <meta itemprop=\"position\" content=\"1\" \/><!-- Meta Position-->\r\n             <\/li><li><span class=\"fbc-separator\">\/<\/span><\/li><li class=\"active\" itemprop=\"itemListElement\" itemscope itemtype=\"https:\/\/schema.org\/ListItem\"><span itemprop=\"name\" title=\"Po budowie\">Po budowie<\/span><meta itemprop=\"position\" content=\"2\" \/><\/li>\t\t\t\t\t<\/ol>\r\n\t\t\t\t\t<div class=\"clearfix\"><\/div>\r\n\t\t\t\t<\/div>\r\n\t\t\t<\/div>\r\n\t\t\t\n<\/p>\n\n\n<div class=\"wp-block-group alignfull has-white-background-color has-background\"><div class=\"wp-block-group__inner-container is-layout-flow wp-block-group-is-layout-flow\">\n<div class=\"wp-block-columns alignwide are-vertically-aligned-center is-layout-flex wp-container-core-columns-is-layout-9d6595d7 wp-block-columns-is-layout-flex\">\n<div class=\"wp-block-column is-layout-flow wp-block-column-is-layout-flow\"><\/div>\n<\/div>\n\n\n\n<div class=\"wp-block-columns alignwide is-layout-flex wp-container-core-columns-is-layout-9d6595d7 wp-block-columns-is-layout-flex\">\n<div class=\"wp-block-column is-layout-flow wp-block-column-is-layout-flow\" style=\"flex-basis:80%\">\n<p class=\"has-text-color\" style=\"color:#000000;font-size:45px;font-style:normal;font-weight:300\">Jako\u015b\u0107 i profesjonalizm czyni\u0105 nas optymalnym partnerem w bran\u017cy czyszczenia pobudowlanego<\/p>\n<\/div>\n\n\n\n<div class=\"wp-block-column is-layout-flow wp-block-column-is-layout-flow\"><\/div>\n<\/div>\n\n\n\n<div style=\"height:40px\" aria-hidden=\"true\" class=\"wp-block-spacer\"><\/div>\n<\/div><\/div>\n\n\n\n<div class=\"wp-block-columns alignwide is-layout-flex wp-container-core-columns-is-layout-9d6595d7 wp-block-columns-is-layout-flex\">\n<div class=\"wp-block-column is-layout-flow wp-block-column-is-layout-flow\" style=\"font-size:67px;flex-basis:33%\">\n<p class=\"has-text-color\" style=\"color:#000000;font-size:16px\">Czyszczenie ko\u0144cowe po budowie b\u0105d\u017a przebudowie<\/p>\n\n\n\n<p class=\"has-text-color\" style=\"color:#000000;font-size:16px\">Wykonuj\u0105c czyszczenie pobudowlane uwa\u017camy przede wszystkich na usuni\u0119cie wszystkich resztek materia\u0142\u00f3w budowlanych, malarskich, gipsu, cementu oraz kleju. Dbamy, aby wszystkie elementy pomieszczenia, w\u0142\u0105cznie z oknami, drzwiami, sufitami i pod\u0142ogami zosta\u0142y uwolnione od kurzu i brudu.<\/p>\n\n\n\n<p class=\"has-text-color\" style=\"color:#000000;font-size:16px\"><a href=\"mailto:biuro@profesj\"><a href=\"mailto:biuro@profesj\">Zapytanie<\/a>\u00a0<\/a>\u00a0<\/p>\n<\/div>\n\n\n\n<div class=\"wp-block-column is-layout-flow wp-block-column-is-layout-flow\" style=\"flex-basis:33%\">\n<p style=\"font-size:16px\">Czyszczenie w trakcie budowy<\/p>\n\n\n\n<p style=\"font-size:16px\">W czasie ca\u0142ej fazy budowlanej uwa\u017camy, aby \u017cadne pozosta\u0142o\u015bci po pracach budowlanych nie le\u017ca\u0142y od\u0142ogiem, co mog\u0142oby z czasem doprowadzi do problem\u00f3w. Te us\u0142ugi obejmuj\u0105 na przyk\u0142ad usuwanie odprysk\u00f3w farby, gruntowne odkurzanie pod\u0142o\u017ca tudzie\u017c usuwanie resztek fugi i cementu.<br><\/p>\n\n\n\n<p style=\"font-size:16px\"><a href=\"mailto:biuro@\"><a href=\"mailto:biuro@profesj\">Zapytanie<\/a>\u00a0<\/a><\/p>\n<\/div>\n\n\n\n<div class=\"wp-block-column is-layout-flow wp-block-column-is-layout-flow\" style=\"flex-basis:33%\">\n<p style=\"font-size:16px\">Usuwanie gruzu i odpad\u00f3w<\/p>\n\n\n\n<p style=\"font-size:16px\">Oferujemy wiele mo\u017cliwo\u015bci usuwania gruzu i odpad\u00f3w z plac\u00f3w budowy. Nasza ekipa posiada kwalifikacje do pewnej i sprawnej utylizacji odpad\u00f3w pobudowlanych. Czy to gruz z rozebranych budowli czy odpady powstaj\u0105ce podczas budowy.<br><br><a href=\"mailto:biuro@\"><a href=\"mailto:biuro@profesj\">Zapytanie<\/a>\u00a0<\/a><\/p>\n<\/div>\n<\/div>\n","protected":false},"excerpt":{"rendered":"<p>Jako\u015b\u0107 i profesjonalizm czyni\u0105 nas optymalnym partnerem w bran\u017cy czyszczenia pobudowlanego Czyszczenie ko\u0144cowe po budowie b\u0105d\u017a przebudowie Wykonuj\u0105c czyszczenie pobudowlane uwa\u017camy przede wszystkich na usuni\u0119cie wszystkich resztek materia\u0142\u00f3w budowlanych, malarskich, gipsu, cementu oraz kleju. Dbamy, aby wszystkie elementy pomieszczenia, w\u0142\u0105cznie z oknami, drzwiami, sufitami i pod\u0142ogami zosta\u0142y uwolnione od kurzu i brudu. Zapytanie\u00a0\u00a0 Czyszczenie w [&hellip;]<\/p>\n","protected":false},"author":1,"featured_media":0,"parent":0,"menu_order":0,"comment_status":"closed","ping_status":"closed","template":"fullwidth-page.php","meta":{"advanced_seo_description":"Oboj\u0119tnie czy nowe inwestycje budowlane czy prace renowacyjne b\u0105d\u017a przebudowy. Dbamy o ko\u0144cowe czyszczenie i zostawiamy pozamiatany plac budowy. Na \u017cyczenie oferujemy tak\u017ce utylizacj\u0119 gruzu i odpad\u00f3w","jetpack_seo_html_title":"Po budowie","jetpack_seo_noindex":false,"footnotes":""},"class_list":["post-144","page","type-page","status-publish","hentry"],"jetpack_sharing_enabled":true,"_links":{"self":[{"href":"https:\/\/xn--profesjonalne-sprztanie-zvc.pl\/index.php\/wp-json\/wp\/v2\/pages\/144","targetHints":{"allow":["GET"]}}],"collection":[{"href":"https:\/\/xn--profesjonalne-sprztanie-zvc.pl\/index.php\/wp-json\/wp\/v2\/pages"}],"about":[{"href":"https:\/\/xn--profesjonalne-sprztanie-zvc.pl\/index.php\/wp-json\/wp\/v2\/types\/page"}],"author":[{"embeddable":true,"href":"https:\/\/xn--profesjonalne-sprztanie-zvc.pl\/index.php\/wp-json\/wp\/v2\/users\/1"}],"replies":[{"embeddable":true,"href":"https:\/\/xn--profesjonalne-sprztanie-zvc.pl\/index.php\/wp-json\/wp\/v2\/comments?post=144"}],"version-history":[{"count":14,"href":"https:\/\/xn--profesjonalne-sprztanie-zvc.pl\/index.php\/wp-json\/wp\/v2\/pages\/144\/revisions"}],"predecessor-version":[{"id":798,"href":"https:\/\/xn--profesjonalne-sprztanie-zvc.pl\/index.php\/wp-json\/wp\/v2\/pages\/144\/revisions\/798"}],"wp:attachment":[{"href":"https:\/\/xn--profesjonalne-sprztanie-zvc.pl\/index.php\/wp-json\/wp\/v2\/media?parent=144"}],"curies":[{"name":"wp","href":"https:\/\/api.w.org\/{rel}","templated":true}]}}